	{"id":1868,"date":"2024-09-24T11:12:05","date_gmt":"2024-09-24T08:12:05","guid":{"rendered":"http:\/\/mataelevator.com\/?page_id=1868"},"modified":"2024-09-24T16:10:13","modified_gmt":"2024-09-24T13:10:13","slug":"asansor-panolari","status":"publish","type":"page","link":"https:\/\/mataelevator.com\/index.php\/asansor-panolari\/","title":{"rendered":"Asans\u00f6r Panolar\u0131"},"content":{"rendered":"<section class=\"wpb-content-wrapper\"><p>[vc_row][vc_column][vc_column_text]<\/p>\n<p style=\"text-align: justify;\">Asans\u00f6r kumanda panolar\u0131, asans\u00f6r makine sisteminin elektrik beslemesini yapan, t\u00fcm \u00e7al\u0131\u015fma ad\u0131mlar\u0131n\u0131 kontrol eden, t\u00fcm emniyetlerini sa\u011flayan beyni ve g\u00fc\u00e7 kayna\u011f\u0131d\u0131r. Meydana gelebilecek k\u0131sa devre ve a\u015f\u0131r\u0131 ak\u0131m sorunlar\u0131n\u0131n \u00e7al\u0131\u015fma ad\u0131mlar\u0131n\u0131 kontrol alt\u0131nda tutar. H\u0131z kontrol\u00fc ve aniden asans\u00f6r motoruna y\u00fcklenen fazla enerjiyi d\u00fczene sokarak, sa\u011fl\u0131kl\u0131 bir \u015fekilde \u00e7al\u0131\u015fmas\u0131n\u0131 sa\u011flar.<\/p>\n<p>Makine motorunun \u00f6zelli\u011fine g\u00f6re kumanda pano tipleri:<\/p>\n<ul>\n<li>VVVF s\u00fcr\u00fcc\u00fcl\u00fc di\u015flili asans\u00f6r kumanda panolar\u0131<\/li>\n<li>Makine dairesiz di\u015flisiz asans\u00f6r kumanda panolar\u0131<\/li>\n<li>Hidrolik tahrikli asans\u00f6r kumanda panolar\u0131<\/li>\n<li>\u00c7ift H\u0131zl\u0131 motor tahrikli asans\u00f6r kumanda panolar\u0131<\/li>\n<li>Tek H\u0131zl\u0131 motor tahrikli asans\u00f6r kumanda panolar\u0131<\/li>\n<\/ul>\n<p>[\/vc_column_text][vc_empty_space][\/vc_column][\/vc_row][vc_row][vc_column][vc_gallery type=&#8221;image_grid&#8221; images=&#8221;2079,2080,2081,2083,2084,2085,2086,2087,2088,2089,2090,2091,2092,2093,2095,2096,2097,2098,2099,2100&#8243; img_size=&#8221;full&#8221;][\/vc_column][\/vc_row]<\/p>\n<\/section>","protected":false},"excerpt":{"rendered":"<p>[vc_row][vc_column][vc_column_text] Asans\u00f6r kumanda panolar\u0131, asans\u00f6r makine sisteminin elektrik beslemesini yapan, t\u00fcm \u00e7al\u0131\u015fma ad\u0131mlar\u0131n\u0131 kontrol eden, t\u00fcm emniyetlerini sa\u011flayan beyni ve g\u00fc\u00e7 kayna\u011f\u0131d\u0131r. Meydana gelebilecek k\u0131sa devre ve a\u015f\u0131r\u0131 ak\u0131m sorunlar\u0131n\u0131n \u00e7al\u0131\u015fma ad\u0131mlar\u0131n\u0131 kontrol alt\u0131nda tutar. H\u0131z kontrol\u00fc ve aniden asans\u00f6r motoruna y\u00fcklenen fazla enerjiyi d\u00fczene sokarak, sa\u011fl\u0131kl\u0131 bir \u015fekilde \u00e7al\u0131\u015fmas\u0131n\u0131 sa\u011flar. Makine motorunun \u00f6zelli\u011fine g\u00f6re [&hellip;]<\/p>\n","protected":false},"author":1,"featured_media":0,"parent":0,"menu_order":0,"comment_status":"closed","ping_status":"closed","template":"","meta":{"_acf_changed":false,"footnotes":""},"class_list":["post-1868","page","type-page","status-publish","hentry"],"acf":[],"_links":{"self":[{"href":"https:\/\/mataelevator.com\/index.php\/wp-json\/wp\/v2\/pages\/1868","targetHints":{"allow":["GET"]}}],"collection":[{"href":"https:\/\/mataelevator.com\/index.php\/wp-json\/wp\/v2\/pages"}],"about":[{"href":"https:\/\/mataelevator.com\/index.php\/wp-json\/wp\/v2\/types\/page"}],"author":[{"embeddable":true,"href":"https:\/\/mataelevator.com\/index.php\/wp-json\/wp\/v2\/users\/1"}],"replies":[{"embeddable":true,"href":"https:\/\/mataelevator.com\/index.php\/wp-json\/wp\/v2\/comments?post=1868"}],"version-history":[{"count":3,"href":"https:\/\/mataelevator.com\/index.php\/wp-json\/wp\/v2\/pages\/1868\/revisions"}],"predecessor-version":[{"id":2101,"href":"https:\/\/mataelevator.com\/index.php\/wp-json\/wp\/v2\/pages\/1868\/revisions\/2101"}],"wp:attachment":[{"href":"https:\/\/mataelevator.com\/index.php\/wp-json\/wp\/v2\/media?parent=1868"}],"curies":[{"name":"wp","href":"https:\/\/api.w.org\/{rel}","templated":true}]}}